 14, o + 5*b = 3*o - j. Calculate the highest common factor of o and z.
11
Let b = 6 - 1. Suppose -b*q = -3*d - 49, 0*q + 3*d + 33 = 3*q. What is the highest common factor of q and 88?
8
Let m be (-1 - -7)/((-2)/(-5)). Suppose 4*v - 4 = -2*l - 0*v, -4*v - 16 = 0. Calculate the highest common divisor of m and l.
5
Suppose 4*g = -11 + 3. Let f(v) = -4*v**3 - v + 2. Let m be f(g). What is the highest common factor of 24 and m?
12
Let v = -554 + 214. Let i be v/(-8)*(-16)/(-5). What is the greatest common divisor of i and 17?
17
Suppose 2*x = 4*x - 5*i + 12, 16 = -x + 5*i. Suppose q - 660 = -x*q. Calculate the highest common factor of 12 and q.
12
Suppose -2*h + 18 = -0*h - 3*i, 3*i = -2*h - 6. Calculate the greatest common factor of h and 15.
3
Let v = -386 + 393. Let s(a) = 2*a**3 + 3*a - 1. Let o be s(2). What is the highest common divisor of v and o?
7
Let s = -45 - -27. Let a be s/1*(-11)/2. Suppose 4*k - 44 = -4*m, -5*m + 6*k + 35 = k. Calculate the highest common divisor of m and a.
9
Suppose t + 3*t - 8 = -3*o, -4*t = o - 8. Suppose 2*q - 24 = -t*q. Calculate the greatest common divisor of 66 and q.
6
Suppose -q + 8 = -4*s - 0, 0 = 5*s - 5*q + 25. Let l(i) = -230*i**3 - i. Let v be l(s). What is the highest common divisor of 21 and v?
21
Let i be 0 + 0/2 + 2. Suppose 3*l - 14 = i*l. Suppose -5*j + l = -16. Calculate the greatest common divisor of 54 and j.
6
Let s(m) = -2*m**2 + 5*m + 5. Let z be s(-4). Let b = z - -97. Calculate the greatest common factor of b and 20.
10
Suppose z - 15 = 5*d, -4*z + 0*d = -2*d - 60. Calculate the highest common divisor of z and 120.
15
Let f = -16 - -40. What is the highest common factor of 84 and f?
12
Let h(p) = -12*p - 3. Let a be h(-4). Let v = 4 - 1. Suppose -5*b + 37 = -y - 11, 0 = -v*b + y + 30. Calculate the greatest common divisor of a and b.
9
Suppose -12 = -2*b - 2*b - 4*p, -4*b - 5*p + 9 = 0. Let v = -24 + 42. What is the greatest common divisor of v and b?
6
Let n be (-1)/3 - 102/(-9). Calculate the highest common factor of n and 99.
11
Let d be (-1 - (-47)/4)*-4. Suppose 4*x = 5*q - 95, 9*x - q = 4*x - 124. Let c = x - d. Calculate the greatest common divisor of c and 72.
18
Let v(u) = u**3 - 3*u**2 - 2*u - 17. Let d be v(7). Calculate the greatest common divisor of 15 and d.
15
Suppose -7 = -4*u + 5*u. Let s(w) = -w**3 - 7*w**2 - 10. Let q be s(u). Let y be (-96)/q + 6/15. Calculate the greatest common divisor of y and 5.
5
Let d = 198 - 175. Calculate the greatest common factor of d and 92.
23
Suppose 0 = -3*f - 0*f + 48. Suppose 46 = 4*r + 5*q - 1, 5*q = -r - 7. Suppose -4*l + 14 = -r. Calculate the highest common factor of f and l.
8
Let z be ((-11)/5 - 1)/((-5)/25). Let i(l) = l**3 + 11*l**2 + 9*l - 8. Let q be i(-8). What is the greatest common factor of q and z?
16
Suppose 94 = 6*m - 3*m + 2*d, -102 = -4*m + 2*d. Calculate the greatest common divisor of 14 and m.
14
Let y be (-3)/((-3)/(-2))*-2. Suppose -y*k - u + 24 = 0, 2*k + u - 5 - 9 = 0. Suppose 0 = 4*r - 5*r + 25. What is the highest common factor of r and k?
5
Suppose 11 = r + 8. Calculate the greatest common divisor of 3 and r.
3
Let f be 64/(-28) + 2/7. Let l = f + 11. Calculate the highest common divisor of 99 and l.
9
Let y = 45 + -44. What is the highest common divisor of 2 and y?
1
Suppose -12*w + 7*w + 25 = 0. What is the greatest common factor of w and 1?
1
Suppose z + 3*g - 6*g = -4, 3*g = 3. Let m be (-6 + z)/(2/(-22)). What is the greatest common divisor of 7 and m?
7
Let v be 0 - 2*(0 - 10). Let b be (-12)/10*(-140)/(-6). Let r be (-132)/b - (-2)/7. What is the greatest common factor of r and v?
5
Suppose 2*p = -2*p + 20. Let k = p + -1. Calculate the highest common factor of 28 and k.
4
Suppose 5*g - 44 = -3*q, -4*g + 2*g + 8 = 0. Let u = -9 + q. Let n(a) = 137*a**2 + 2*a + 1. Let i be n(u). What is the highest common factor of 17 and i?
17
Let j be -2*1/(-4) + 116/8. Calculate the greatest common factor of j and 135.
15
Let i(s) = -s. Let r(h) = -5*h**2 - 3*h. Let l(w) = 5*i(w) - r(w). Let p be l(-4). Calculate the greatest common divisor of p and 11.
11
Suppose -209 = -3*p + 3*s + 2*s, 3*s = 3*p - 201. Suppose -19 = -2*n - 1. Calculate the highest common divisor of p and n.
9
Let m(i) = i**2 - 4*i - 1. Let j be m(5). Suppose 3*a + j = 16. Suppose a*o - 18 = 6. Calculate the highest common factor of 24 and o.
6
Let g be (0 - 3) + (-4 - 12). Let n = g + 31. Suppose -3*x + 2*x - 4*z + 14 = 0, -5*x + 4*z = -94. Calculate the greatest common factor of x and n.
6
Suppose 4*g + 2*p = 70, -g + 2*g - 3*p - 28 = 0. Let y = 18 + -29. Let n = y + g. Calculate the highest common divisor of n and 20.
4
Let r be 21/(50/12 + -4). What is the highest common factor of 18 and r?
18
Suppose -9*m = -5*m - 48. Let c = 14 - m. What is the greatest common divisor of 2 and c?
2
Let x(l) be the first derivative of -l**4/4 + 5*l**3/3 + l**2/2 - 6*l + 2. Let n be x(5). Let m be (n - 3/1)*-2. What is the highest common divisor of m and 16?
8
Suppose 119 = 3*v - 16. Calculate the greatest common divisor of v and 30.
15
Let k = 5 - 17. Let m be 1/4 + 27/k. Let d be -2 - (13 - 1)/m. Calculate the greatest common divisor of 20 and d.
4
Suppose -3*k = -p - 113, -k - 4*k - 4*p = -194. Calculate the greatest common divisor of k and 38.
38
Let j(l) = 3*l + 3. Let s be j(-2). Let w be (5*3)/(s - -4). What is the greatest common divisor of 165 and w?
15
Suppose 2*u + 13 = -4*o + 77, 3*o - 5*u - 74 = 0. Let t = 18 + o. Let i be ((-3)/(-6))/(1/108). Calculate the highest common divisor of t and i.
18
Let x(m) = 6*m**2. Let t be x(1). Let f be 19/4 - t/8. Suppose f*b = b + 33. What is the highest common factor of 99 and b?
11
Let s(j) = j**3 - 5*j**2 - 4*j + 4. Suppose 2*b - 2 - 10 = 0. Let q be s(b). Calculate the highest common divisor of 32 and q.
16
Let f(w) = w + 1. Let d(t) = -10*t - 9. Let j(q) = -d(q) - 6*f(q). Let b be j(3). Calculate the highest common factor of 30 and b.
15
Suppose g = -g. Let b be -2 + 1 + -6 - g. Let o(w) = -6*w - 2. Let i be o(b). What is the greatest common factor of i and 8?
8
Suppose -2*d - 2 = -3*q - 3*d, 3*d = -q - 2. Let o = q + 4. Calculate the highest common factor of 10 and o.
5
Let o be 1190/9 - (-10)/(-45). Suppose -n + 4*h = 3*n - 36, 39 = 2*n + 5*h. Calculate the highest common factor of n and o.
12
Suppose -1 = j - 4*t - 4, 0 = 2*t. Calculate the highest common divisor of 21 and j.
3
Let m = 18 - 11. Suppose 3*v - 70 = 119. Calculate the highest common factor of v and m.
7
Let m(l) be the first derivative of 1/2*l**2 + l - 1 + 20/3*l**3. Let o be m(-1). Calculate the highest common factor of o and 50.
10
Let h(v) = -6*v + 0*v - 5*v + 3*v + 1. Let x(u) = u. Let z(r) = -h(r) - 6*x(r). Let k be z(3). Calculate the greatest common divisor of k and 45.
5
Let l = 2 - -10. Let j(m) = 14*m**2 + 3*m - 2. Let b be j(-2). Calculate the greatest common divisor of l and b.
12
Let b(n) = -n**2 - 10*n - 9. Let q be b(-7). Let h be 3/q - 182/(-8). What is the highest common divisor of 92 and h?
23
Let i be 58 + (2 - 0)*-1. Let m(d) = d**3 - 2*d**2 - 3*d + 7. Let o be m(0). Calculate the greatest common factor of o and i.
7
Let g(a) = -a**3 - 14*a**2 + 6*a + 57. Let v be g(-15). Calculate the highest common divisor of 24 and v.
24
Let x(f) = -11*f + 2. Let y be x(2). Let h be (y/7)/((-2)/7). What is the highest common divisor of h and 90?
10
Let p be ((-66)/4)/((-2)/(-4)). Let u = 73 + p. Let c(z) = 8*z**2 - z + 1. Let h be c(1). What is the greatest common factor of h and u?
8
Suppose 5*j - 4*t - 187 = 0, -189 = -5*j + 2*t + t. What is the highest common divisor of j and 26?
13
Let k be 8/48 + (-305)/(-6). Suppose 0 = -3*u + k + 33. What is the highest common divisor of 84 and u?
28
Let i(b) = -b**3 - 11*b**2 - 14*b + 1. Let x be i(-10). What is the highest common divisor of x and 164?
41
Suppose -4*k + 42 = -10. Calculate the highest common factor of 117 and k.
13
Let c(w) = 2*w**2 + 10*w + 10. Let n(q) = q - 7 - 2 + 2 - q**2. Let v be n(0). Let o be c(v). What is the greatest common factor of 57 and o?
19
Let z(x) = x**3 + 6*x**2 + 5*x + 5. Let j be z(-5). Let k be 28 - (-5)/(j/(-3)). Calculate the greatest common divisor of k and 50.
25
Suppose 4*d + k + 0*k - 3 = 0, 5*k + 6 = d. Let u be (4/d)/(5/5). What is the high